7
List the prime factors of 4658161.
4658161
What are the prime factors of 890989?
11, 107, 757
List the prime factors of 3252839.
3252839
What are the prime factors of 18088706?
2, 2309, 3917
List the prime factors of 114390.
2, 3, 5, 31, 41
What are the prime factors of 2342069?
29, 80761
What are the prime factors of 8474612?
2, 29, 43, 1699
List the prime factors of 5538251.
61, 163, 557
What are the prime factors of 34791709?
23, 1512683
What are the prime factors of 1781042?
2, 227, 3923
List the prime factors of 3686280.
2, 3, 5, 13, 17, 139
What are the prime factors of 1943280?
2, 3, 5, 2699
List the prime factors of 20383058.
2, 31, 53, 6203
What are the prime factors of 969292?
2, 71, 3413
What are the prime factors of 9944237?
89, 111733
List the prime factors of 420618.
2, 3, 11, 6373
List the prime factors of 110150.
2, 5, 2203
What are the prime factors of 2450686?
2, 7, 17, 1471
What are the prime factors of 1223341?
7, 174763
What are the prime factors of 7649593?
7, 23, 47513
List the prime factors of 17209507.
7, 2458501
What are the prime factors of 312406?
2, 181, 863
What are the prime factors of 543385?
5, 108677
List the prime factors of 1623491.
683, 2377
What are the prime factors of 782645?
5, 157, 997
What are the prime factors of 28336?
2, 7, 11, 23
What are the prime factors of 6049477?
7, 864211
List the prime factors of 4131009.
3, 521, 881
List the prime factors of 2769658.
2, 1384829
List the prime factors of 864721.
11, 13, 6047
List the prime factors of 61155.
3, 5, 151
List the prime factors of 1422157.
11, 129287
What are the prime factors of 2465836?
2, 616459
List the prime factors of 1375801.
7, 196543
List the prime factors of 213761.
181, 1181
List the prime factors of 861624.
2, 3, 3989
What are the prime factors of 9798517?
9798517
List the prime factors of 14778009.
3, 457, 3593
What are the prime factors of 1423377?
3, 89, 1777
What are the prime factors of 4433195?
5, 13, 241, 283
What are the prime factors of 581868?
2, 3, 7, 2309
What are the prime factors of 685425?
3, 5, 13, 19, 37
What are the prime factors of 39783?
3, 89, 149
What are the prime factors of 11193071?
19, 589109
List the prime factors of 5708853.
3, 23, 29, 317
List the prime factors of 181839.
3, 7, 1237
What are the prime factors of 651229?
701, 929
List the prime factors of 24112542.
2, 3, 4018757
List the prime factors of 1615750.
2, 5, 23, 281
What are the prime factors of 487557?
3, 7, 71, 109
What are the prime factors of 474027?
3, 158009
List the prime factors of 1064547.
3, 11, 10753
What are the prime factors of 1382779?
1382779
List the prime factors of 29209020.
2, 3, 5, 486817
What are the prime factors of 29972792?
2, 71, 52769
List the prime factors of 26394307.
47, 149, 3769
List the prime factors of 5804416.
2, 137, 331
List the prime factors of 18109.
7, 13, 199
What are the prime factors of 194212?
2, 23, 2111
List the prime factors of 154867.
251, 617
List the prime factors of 21669053.
7, 3095579
What are the prime factors of 199969?
7, 11, 53
List the prime factors of 213809.
17, 12577
What are the prime factors of 19176931?
19176931
List the prime factors of 41374.
2, 137, 151
What are the prime factors of 256449?
3, 73, 1171
List the prime factors of 2447184.
2, 3, 17, 2999
What are the prime factors of 14383100?
2, 5, 143831
List the prime factors of 1772488.
2, 17, 13033
What are the prime factors of 498293?
181, 2753
What are the prime factors of 36385516?
2, 379, 24001
What are the prime factors of 4098944?
2, 31, 1033
What are the prime factors of 1168769?
7, 166967
List the prime factors of 13111828.
2, 17, 29, 61, 109
What are the prime factors of 453660?
2, 3, 5, 7561
List the prime factors of 5656782.
2, 3, 37, 83, 307
List the prime factors of 6391629.
3, 29, 907
List the prime factors of 1082220.
2, 3, 5, 17, 1061
List the prime factors of 45489.
3, 59, 257
List the prime factors of 1389799.
1129, 1231
What are the prime factors of 34027198?
2, 37, 73, 6299
List the prime factors of 17176373.
1151, 14923
List the prime factors of 2348618.
2, 17, 67, 1031
What are the prime factors of 29144725?
5, 1165789
List the prime factors of 904025.
5, 36161
What are the prime factors of 31575191?
71, 167, 2663
List the prime factors of 33319.
11, 13, 233
List the prime factors of 2764450.
2, 5, 13, 4253
What are the prime factors of 2392190?
2, 5, 139, 1721
What are the prime factors of 344477?
7, 49211
What are the prime factors of 5567149?
7, 795307
What are the prime factors of 28346208?
2, 3, 11, 17, 1579
What are the prime factors of 443246?
2, 221623
What are the prime factors of 599401?
11, 29, 1879
What are the prime factors of 168245?
5, 7, 11, 19, 23
What are the prime factors of 1917947?
23, 83389
List the prime factors of 109599.
3, 7, 17, 307
List the prime factors of 5388443.
83, 64921
List the prime factors of 330188.
2, 23, 37, 97
List the prime factors of 2781516.
2, 3, 193, 1201
What are the prime factors of 120501?
3, 4463
List the prime factors of 2019636.
2, 3, 56101
List the prime factors of 609683.
609683
List the prime factors of 4747391.
11, 431581
What are the prime factors of 3290124?
2, 3, 274177
List the prime factors of 2893846.
2, 1446923
List the prime factors of 10463.
10463
List the prime factors of 201249.
3, 59, 379
List the prime factors of 2310.
2, 3, 5, 7, 11
List the prime factors of 4480737.
3, 37, 1091
List the prime factors of 334991.
334991
What are the prime factors of 612822?
2, 3, 7, 14591
List the prime factors of 1409101.
1409101
What are the prime factors of 2431830?
2, 3, 5, 103, 787
List the prime factors of 80412.
2, 3, 6701
What are the prime factors of 2557916?
2, 29, 22051
What are the prime factors of 1697349?
3, 293, 1931
What are the prime factors of 2999674?
2, 619, 2423
List the prime factors of 1161156.
2, 3, 96763
List the prime factors of 2791461.
3, 19, 48973
List the prime factors of 1216378.
2, 23, 31, 853
What are the prime factors of 543382?
2, 7, 37, 1049
List the prime factors of 13259.
13259
List the prime factors of 232324.
2, 241
List the prime factors of 90136.
2, 19, 593
What are the prime factors of 4089573?
3, 37, 12281
What are the prime factors of 18846607?
13, 29, 49991
List the prime factors of 1527614.
2, 11, 23, 3019
List the prime factors of 10455.
3, 5, 17, 41
List the prime factors of 503223.
3, 7, 31, 773
What are the prime factors of 6908213?
13, 41, 997
What are the prime factors of 1260770?
2, 5, 7, 31, 83
What are the prime factors of 46897?
23, 2039
List the prime factors of 241896.
2, 3, 10079
List the prime factors of 277211.
11, 29, 79
List the prime factors of 2721217.
71, 38327
What are the prime factors of 199807?
199807
List the prime factors of 478125.
3, 5, 17
List the prime factors of 28114988.
2, 11, 638977
List the prime factors of 909541.
909541
List the prime factors of 69519.
3, 23173
What are the prime factors of 6105127?
7, 872161
What are the prime factors of 292679?
292679
What are the prime factors of 3861296?
2, 373, 647
What are the prime factors of 3513393?
3, 13, 30029
What are the prime factors of 686403?
3, 53, 1439
List the prime factors of 162977.
79, 2063
List the prime factors of 172156.
2, 193, 223
List the prime factors of 2188813.
11, 193, 1031
List the prime factors of 214306.
2, 83, 1291
What are the prime factors of 1182769?
7, 19, 8893
What are the prime factors of 6897708?
2, 3, 29, 6607
What are the prime factors of 3456247?
439, 7873
List the prime factors of 7556933.
281, 26893
List the prime factors of 292542.
2, 3, 48757
What are the prime factors of 24621?
3, 29, 283
List the prime factors of 400468.
2, 53, 1889
List the prime factors of 33925.
5, 23, 59
List the prime factors of 552608.
2, 7, 2467
List the prime factors of 265376.
2, 8293
List the prime factors of 9820452.
2, 3, 818371
List the prime factors of 161690.
2, 5, 19, 23, 37
List the prime factors of 7546291.
257, 29363
What are the prime factors of 735188?
2, 183797
List the prime factors of 85522.
2, 61, 701
What are the prime factors of 1324464?
2, 3, 41, 673
List the prime factors of 2721391.
53, 51347
List the prime factors of 512906.
2, 317, 809
What are the prime factors of 12201233?
11, 271, 